{"id":277,"date":"2018-01-12T07:50:11","date_gmt":"2018-01-12T07:50:11","guid":{"rendered":"http:\/\/demo.wenthemes.com\/surya-chandra-lite\/?page_id=5"},"modified":"2020-06-02T15:43:21","modified_gmt":"2020-06-02T15:43:21","slug":"home-v1","status":"publish","type":"page","link":"https:\/\/count-them.at\/","title":{"rendered":"Home"},"content":{"rendered":"<div id=\"pl-277\"  class=\"panel-layout\" ><div id=\"pg-277-0\"  class=\"panel-grid panel-has-style\" ><div class=\"siteorigin-panels-stretch panel-row-style-full-stretched panel-row-style panel-row-style-for-277-0\" data-stretch-type=\"full-stretched\" ><div id=\"pgc-277-0-0\"  class=\"panel-grid-cell\" ><div id=\"panel-277-0-0-0\" class=\"so-panel widget widget_sow-hero panel-first-child panel-last-child\" data-index=\"0\" ><div\n\t\t\t\n\t\t\tclass=\"so-widget-sow-hero so-widget-sow-hero-default-c02c2e18d980-277 so-widget-fittext-wrapper\"\n\t\t\t data-fit-text-compressor=\"0.85\"\n\t\t>\t\t\t\t<div class=\"sow-slider-base\" style=\"display: none\" tabindex=\"0\">\n\t\t\t\t\t<ul\n\t\t\t\t\tclass=\"sow-slider-images\"\n\t\t\t\t\tdata-settings=\"{&quot;pagination&quot;:true,&quot;speed&quot;:1200,&quot;timeout&quot;:15000,&quot;paused&quot;:false,&quot;pause_on_hover&quot;:false,&quot;swipe&quot;:true,&quot;nav_always_show_desktop&quot;:&quot;&quot;,&quot;nav_always_show_mobile&quot;:true,&quot;breakpoint&quot;:&quot;780px&quot;,&quot;unmute&quot;:false,&quot;anchor&quot;:null}\"\n\t\t\t\t\tstyle=\"min-height: 400px\"\t\t\t\t\tdata-anchor-id=\"\"\n\t\t\t\t>\t\t<li class=\"sow-slider-image  sow-slider-image-cover\" style=\"visibility: visible;;background-color: #ffffff\" >\n\t\t\t\t\t<div class=\"sow-slider-image-container\">\n\t\t\t<div class=\"sow-slider-image-wrapper\">\n\t\t\t\t<h6><strong><em>count-them.at - Anwesenheitsz\u00e4hlung leicht gemacht!<\/em><\/strong><\/h6>\n<ul style=\"text-align: left\">\n<li><\/li>\n<li style=\"color: #00ffff\">einfache und komfortable <strong>webbasierende<\/strong> Anwendung <strong>zur Erfassung anwesender Personen<\/strong> in einem Gesch\u00e4ft, Einkaufszentrum, Sportgel\u00e4nde, Kirche u.a.<\/li>\n<li style=\"color: #00ffff\">Mobiltelefon und Datenzugang gen\u00fcgen, Zugang \u00fcber Internet<\/li>\n<li style=\"color: #00ffff\">keine technische Installationen notwendig, keine Installation am Mobiltelefon<\/li>\n<li style=\"color: #00ffff\">sofort verf\u00fcgbar<\/li>\n<li style=\"color: #00ffff\">Echtzeitanzeige<\/li>\n<li style=\"color: #00ffff\">flexible Buchung<\/li>\n<li style=\"color: #00ffff\">\n<h6><strong>geringe Kosten<\/strong><\/h6>\n<\/li>\n<\/ul>\n<p><\/p>\n<h6><strong><em><\/p>\t\t\t<\/div>\n\t\t<\/div>\n\t\t<div class=\"sow-slider-image-overlay sow-slider-image-cover\" style=\"opacity: 0.74;background-image: url(https:\/\/count-them.at\/wp-content\/uploads\/2020\/05\/Header_schm.jpg)\"  ><\/div>\t\t<\/li>\n\t\t<\/ul>\t\t\t\t<ol class=\"sow-slider-pagination\">\n\t\t\t\t\t\t\t\t\t\t\t<li><a href=\"#\" data-goto=\"0\" aria-label=\"Display slide 1\"><\/a><\/li>\n\t\t\t\t\t\t\t\t\t<\/ol>\n\n\t\t\t\t<div class=\"sow-slide-nav sow-slide-nav-next\">\n\t\t\t\t\t<a href=\"#\" data-goto=\"next\" aria-label=\"Next slide\" data-action=\"next\">\n\t\t\t\t\t\t<em class=\"sow-sld-icon-ultra-thin-right\"><\/em>\n\t\t\t\t\t<\/a>\n\t\t\t\t<\/div>\n\n\t\t\t\t<div class=\"sow-slide-nav sow-slide-nav-prev\">\n\t\t\t\t\t<a href=\"#\" data-goto=\"previous\" aria-label=\"Previous slide\" data-action=\"prev\">\n\t\t\t\t\t\t<em class=\"sow-sld-icon-ultra-thin-left\"><\/em>\n\t\t\t\t\t<\/a>\n\t\t\t\t<\/div>\n\t\t\t\t<\/div><\/div><\/div><\/div><\/div><\/div><div id=\"pg-277-1\"  class=\"panel-grid panel-has-style\" ><div class=\"siteorigin-panels-stretch panel-row-style-full-width panel-row-style panel-row-style-for-277-1\" data-stretch-type=\"full\" ><div id=\"pgc-277-1-0\"  class=\"panel-grid-cell\" ><div id=\"panel-277-1-0-0\" class=\"so-panel widget widget_sow-features panel-first-child panel-last-child\" data-index=\"1\" ><div\n\t\t\t\n\t\t\tclass=\"so-widget-sow-features so-widget-sow-features-default-05632295127f-277\"\n\t\t\t\n\t\t>\n<div class=\"section-sow-features heading-center\">\n\n\t\t\t<h3 class=\"widget-title\">count-them.at  -  Anwesenheitsz\u00e4hlung leicht gemacht!<\/h3>\t\n\t\t\t<p class=\"widget-subtitle\">Webbasierende Anwesenheitsz\u00e4hlung ohne teure und umst\u00e4ndliche technische Installationen. Einfach ein Smartphone oder Browser - und schon gehts los!<\/p>\n\t\n\t<div class=\"sow-features-list sow-features-responsive\">\n\n\t\t\t\t\t\n\t\t\t\t\n\t\t\t\t<div class=\"sow-features-feature sow-icon-container-position-top \" style=\"width: 100%\">\n\t\t\t\t\t<div class=\"feature-wrapper\">\n\t\t\t\t\t\t\t\t\t\t\t\t<div class=\"sow-icon-container sow-container-explode\"\n\t\t                    style=\"color: #ffffff; \"\n\t\t\t\t\t\t\ttitle=\"Schickt eine Net(t)e Botschaft !\">\n\t\t\t\t\t\t\t<div class=\"sow-icon-image\" style=\"background-image: url(https:\/\/count-them.at\/wp-content\/uploads\/2020\/05\/people-304353_1280-150x150.png); font-size: 40px\"><\/div>\t\t\t\t\t\t<\/div>\n\t\t\t\t\t\t\n\t\t\t\t\t\t<div class=\"textwidget\">\n\t\t\t\t\t\t\t\t\t\t\t\t\t\t\t<h5>\n\t\t\t\t\t\t\t\t\t\t\t\t\t\t\t\t\t\tEinsatzbereiche\t\t\t\t\t\t\t\t\t\t\t\t\t\t\t\t\t<\/h5>\n\t\t\t\t\t\t\t\n\t\t\t\t\t\t\t\t\t\t\t\t\t\t\t<p style=\"text-align: left\"> COUNT-THEM kann vielf\u00e4ltig eingesetzt werden:<\/p>\n<ul style=\"text-align: left\">\n<li>zum Erfassen der Anzahl anwesender Personen in <strong>Einkaufszentren<\/strong> und <strong>Gro\u00dfm\u00e4rkten<\/strong> mit mehreren Ein- und Ausg\u00e4ngen<\/li>\n<li>zur Dokumentation und Nachweis der <strong>Einhaltung beh\u00f6rdlicher Vorgaben<\/strong> <em><strong>(COVID-19)<\/strong><\/em><\/li>\n<li>bei Shop-oder <strong>Restaurant-Ketten<\/strong> um \u00dcbersicht \u00fcber die aktuelle Besucherzahl zu behalten<\/li>\n<li>bei <strong>Veranstaltungen<\/strong> mit limitierter Besucherzahl<\/li>\n<li>in <strong>Kirchen<\/strong> und bei Messfeiern<\/li>\n<li>zur Erhebung <strong>statistischer Daten<\/strong> f\u00fcr Auslastungsanalysen und wissenschaftliche Arbeiten<\/li>\n<li>Erhebung und Analyse von <strong>Besucherstr\u00f6men<\/strong> (Zugang\/Abgang)<\/li>\n<li>zur <strong>Verkehrsz\u00e4hlung<\/strong> mit <strong>Echtzeitanalyse<\/strong><\/li>\n<li>f\u00fcr schnell notwendige und <strong>tempor\u00e4re Z\u00e4hlungen<\/strong> ohne teure technische Infrastruktur (Z\u00e4hlkameras, Auswerte-Apps)<\/li>\n<li>als <strong>Vorbereitung<\/strong> f\u00fcr eventuelle weitere technische Ma\u00dfnahmen<\/li>\n<li>u.v.m.<\/li>\n<\/ul>\n<p style=\"text-align: left\"><\/p>\n<p style=\"text-align: left\"><\/p>\t\t\t\t\t\t\t\n\t\t\t\t\t\t\t\t\t\t\t\t\t\t\t<p class=\"sow-more-text\">\n\t\t\t\t\t\t\t\t\t<a href=\"https:\/\/count-them.at\/index.php\/contact\/\" >\t\t\t\t\t\t\t\t\tFragen? - hier geht's zum Kontaktformular!\t\t\t\t\t\t\t\t\t<\/a>\t\t\t\t\t\t\t\t<\/p>\n\t\t\t\t\t\t\t\t\t\t\t\t\t<\/div>\n\t\t\t\t\t<\/div>\n\t\t\t\t<\/div>\n\n\t\t\t\n\t\t\t\t\t\t\t\t\t<div class=\"sow-features-clear\"><\/div>\n\t\t\t\t\n\t\t\t\t<div class=\"sow-features-feature sow-icon-container-position-top \" style=\"width: 100%\">\n\t\t\t\t\t<div class=\"feature-wrapper\">\n\t\t\t\t\t\t\t\t\t\t\t\t<div class=\"sow-icon-container sow-container-explode\"\n\t\t                    style=\"color: #ffffff; \"\n\t\t\t\t\t\t\ttitle=\"So gehts\">\n\t\t\t\t\t\t\t<div class=\"sow-icon-image\" style=\"background-image: url(https:\/\/count-them.at\/wp-content\/uploads\/2020\/05\/calculator-1019936_1920-150x150.jpg); font-size: 40px\"><\/div>\t\t\t\t\t\t<\/div>\n\t\t\t\t\t\t\n\t\t\t\t\t\t<div class=\"textwidget\">\n\t\t\t\t\t\t\t\t\t\t\t\t\t\t\t<h5>\n\t\t\t\t\t\t\t\t\t\t\t\t\t\t\t\t\t\tWie funktioniert es?\t\t\t\t\t\t\t\t\t\t\t\t\t\t\t\t\t<\/h5>\n\t\t\t\t\t\t\t\n\t\t\t\t\t\t\t\t\t\t\t\t\t\t\t<p style=\"text-align: left\"><\/p>\n<p style=\"text-align: center\">Es ist ganz einfach:<\/p>\n<p style=\"text-align: left\"><strong><em>Einzige Voraussetzungen<\/em>:<\/strong> ein <strong>Smartphone\/<\/strong><strong>Tablet<\/strong> oder <strong>PC<\/strong> mit einem aktuellen <strong>Browser<\/strong> sowie eine <strong>Internet-Verbindung<\/strong>.<\/p>\n<p style=\"text-align: left\">Mit dem Erwerb eines <strong>\"COUNT-THEM\"-Z\u00e4hlers<\/strong> erh\u00e4lt der Kunde\u00a0 3 Zug\u00e4nge zu unserem <strong>\"count-them\" service im Internet<\/strong> mit folgenden \"Rechten\":<\/p>\n<ul style=\"text-align: left\">\n<li style=\"list-style-type: none\">\n<ul>\n<li style=\"text-align: left\">Einen Account mit Management-Rechten (<strong>\"Manager\"<\/strong>) f\u00fcr den Manager des Z\u00e4hlers<br \/>\nKann z\u00e4hlen, aber auch den Z\u00e4hler zur\u00fccksetzen, Limits eingeben und hat Zugriff auf Verwaltungsfunktionen, Statistiken u.v.m.<\/li>\n<li style=\"text-align: left\">Einen Account mit Z\u00e4hlrechten (<strong>\"Z\u00e4hler\"<\/strong>). Dieser kann den Z\u00e4hlerstand ver\u00e4ndern, aber nicht zur\u00fccksetzen.<\/li>\n<li style=\"text-align: left\">Einen Account mit Leserechten (<strong>\"Leser\"<\/strong>). Dieser kann den Z\u00e4hlerstand ansehen, jedoch nicht ver\u00e4ndern.<\/li>\n<\/ul>\n<\/li>\n<\/ul>\n<p>Mit diesen Zugangsdaten im <a href=\"http:\/\/cnt.count-them.at\"><strong>\"count-them\"-Z\u00e4hlerservice<\/strong><\/a> eingeloggt (siehe auch link oben \"zum Z\u00e4hler\"), steht der zugeordnete Z\u00e4hler und die entsprechenden Funktionen sofort zur Verf\u00fcgung.<\/p>\n<p style=\"text-align: left\">Der aktuelle Z\u00e4hlerstand ist auf der Webseite jedes eingeloggten Anwenders <strong>in Echtzeit<\/strong> sichtbar und folgt den Aktivit\u00e4ten der Anwender mit Z\u00e4hlberechtigung!<\/p>\n<p style=\"text-align: left\">Mit der Einrichtung und Freischaltung des <strong>\"COUNT-THEM\"-Z\u00e4hlers<\/strong> wird die Z\u00e4hlfunktion f\u00fcr eine erste Periode freigeschaltet und <strong>kann sofort verwendet werden! <\/strong>Danach k\u00f6nnen weitere \"Z\u00e4hlzeiten\" je nach Anforderung nachgekauft werden (Woche, Monat, Halbjahr, Jahr)<\/p>\n<p style=\"text-align: left\">Der <strong>\"COUNT-THEM\"-Z\u00e4hler<\/strong> und die erhobenen Daten (Z\u00e4hlerst\u00e4nde) bleibt bis 6 Monate nach der letzten Verwendung (Z\u00e4hlung) verf\u00fcgbar.<\/p>\n<p>und...<\/p>\n<p style=\"text-align: left\">Weitere <strong>\"COUNT-THEM\"-Z\u00e4hler<\/strong> k\u00f6nnen einfach und schnell gebucht, aktiviert und in einer Gruppe zusammengefasst werden.<\/p>\n<p style=\"text-align: center\"><span style=\"color: #00ccff\"><em><strong>einfacher gehts wohl nicht !...\u00a0\u00a0\u00a0\u00a0\u00a0\u00a0\u00a0\u00a0 <\/strong><\/em><\/span><\/p>\n<p style=\"text-align: left\"><\/p>\n<p style=\"text-align: left\"><\/p>\t\t\t\t\t\t\t\n\t\t\t\t\t\t\t\t\t\t\t\t\t\t\t<p class=\"sow-more-text\">\n\t\t\t\t\t\t\t\t\t<a href=\"https:\/\/www.prosoftconsult.at\/shop\/produkte\/count-them\/\" >\t\t\t\t\t\t\t\t\tInteressiert? hier gehts zum WebShop!\t\t\t\t\t\t\t\t\t<\/a>\t\t\t\t\t\t\t\t<\/p>\n\t\t\t\t\t\t\t\t\t\t\t\t\t<\/div>\n\t\t\t\t\t<\/div>\n\t\t\t\t<\/div>\n\n\t\t\t\n\t\t\t\t\t\t\t\t\t<div class=\"sow-features-clear\"><\/div>\n\t\t\t\t\n\t\t\t\t<div class=\"sow-features-feature sow-icon-container-position-top sow-features-feature-last-row\" style=\"width: 100%\">\n\t\t\t\t\t<div class=\"feature-wrapper\">\n\t\t\t\t\t\t\t\t\t\t\t\t<div class=\"sow-icon-container sow-container-explode\"\n\t\t                    style=\"color: #ffffff; \"\n\t\t\t\t\t\t\ttitle=\"Was &quot;COUNT-THEM&quot; sonst noch kann\">\n\t\t\t\t\t\t\t<div class=\"sow-icon-image\" style=\"background-image: url(https:\/\/count-them.at\/wp-content\/uploads\/2020\/05\/scr_tm2.jpg); font-size: 40px\"><\/div>\t\t\t\t\t\t<\/div>\n\t\t\t\t\t\t\n\t\t\t\t\t\t<div class=\"textwidget\">\n\t\t\t\t\t\t\t\t\t\t\t\t\t\t\t<h5>\n\t\t\t\t\t\t\t\t\t\t\t\t\t\t\t\t\t\tWas \"COUNT-THEM\" sonst noch kann\t\t\t\t\t\t\t\t\t\t\t\t\t\t\t\t\t<\/h5>\n\t\t\t\t\t\t\t\n\t\t\t\t\t\t\t\t\t\t\t\t\t\t\t<p style=\"text-align: left\"> <strong>\"COUNT-THEM\"<\/strong> kann mehr als nur gerade mal \"z\u00e4hlen\":<\/p>\n<ul style=\"text-align: left\">\n<li>Echtzeit-Anzeige freier Pl\u00e4tze,<\/li>\n<li>Integration in die Kunden-Homepage,<\/li>\n<li>Zusammenfassung mehrerer <strong>\"COUNT-THEM\"-Z\u00e4hler<\/strong> zu Gruppen (Shop-Ketten, etc.),<\/li>\n<li>Limit-Monitoring: Minimal\/Maximalwert des Z\u00e4hlerstands kann vom \"Manager\"-Benutzer eingegeben werden. Meldung wenn der Z\u00e4hlerstand au\u00dferhalb der Limits liegt,<\/li>\n<li>Weitere Beschreibungen des <strong>\"COUNT-THEM\"-Z\u00e4hlers<\/strong> (Einsatzort, Bezeichnung intern, Geokoordinate,..!),<\/li>\n<li>Geocodierung des Z\u00e4hlers und Anzeige des\/der Z\u00e4hlerst\u00e4nde auf einer elektronischen Landkarte (Anzeige freier Pl\u00e4tze..),<\/li>\n<li>Erhebung von Daten f\u00fcr statistische und analytische Auswertungen (Zustrom, Anzahl, zeitliche Entwicklungen)<\/li>\n<\/ul>\n<p style=\"text-align: left\"><\/p>\n<p style=\"text-align: left\"><\/p>\t\t\t\t\t\t\t\n\t\t\t\t\t\t\t\t\t\t\t\t\t\t\t<p class=\"sow-more-text\">\n\t\t\t\t\t\t\t\t\t<a href=\"https:\/\/count-them.at\/index.php\/contact\/\" >\t\t\t\t\t\t\t\t\tFragen, Ideen, Anforderungen? - gerne beantworten wir ihre Anfrage, hier gehts zum Kontaktformular...\t\t\t\t\t\t\t\t\t<\/a>\t\t\t\t\t\t\t\t<\/p>\n\t\t\t\t\t\t\t\t\t\t\t\t\t<\/div>\n\t\t\t\t\t<\/div>\n\t\t\t\t<\/div>\n\n\t\t\t\t\t\n\t<\/div><!-- .sow-features-list -->\n\n<\/div><!-- .section-sow-features -->\n<\/div><\/div><\/div><\/div><\/div><\/div>","protected":false},"excerpt":{"rendered":"<p>count-them.at &#8211; Anwesenheitsz\u00e4hlung leicht gemacht! einfache und komfortable webbasierende Anwendung zur Erfassung anwesender Personen in einem Gesch\u00e4ft, Einkaufszentrum, Sportgel\u00e4nde, Kirche u.a. Mobiltelefon und Datenzugang gen\u00fcgen, Zugang \u00fcber Internet keine technische Installationen notwendig, keine Installation am Mobiltelefon sofort verf\u00fcgbar Echtzeitanzeige flexible Buchung geringe Kosten count-them.at &#8211; Anwesenheitsz\u00e4hlung leicht gemacht! Webbasierende Anwesenheitsz\u00e4hlung <a href=\"https:\/\/count-them.at\/\" class=\"more-link\">Read More<\/a><\/p>\n","protected":false},"author":1,"featured_media":0,"parent":0,"menu_order":0,"comment_status":"closed","ping_status":"closed","template":"tpl-builders.php","meta":{"footnotes":""},"class_list":["post-277","page","type-page","status-publish","hentry"],"_links":{"self":[{"href":"https:\/\/count-them.at\/index.php\/wp-json\/wp\/v2\/pages\/277","targetHints":{"allow":["GET"]}}],"collection":[{"href":"https:\/\/count-them.at\/index.php\/wp-json\/wp\/v2\/pages"}],"about":[{"href":"https:\/\/count-them.at\/index.php\/wp-json\/wp\/v2\/types\/page"}],"author":[{"embeddable":true,"href":"https:\/\/count-them.at\/index.php\/wp-json\/wp\/v2\/users\/1"}],"replies":[{"embeddable":true,"href":"https:\/\/count-them.at\/index.php\/wp-json\/wp\/v2\/comments?post=277"}],"version-history":[{"count":375,"href":"https:\/\/count-them.at\/index.php\/wp-json\/wp\/v2\/pages\/277\/revisions"}],"predecessor-version":[{"id":999,"href":"https:\/\/count-them.at\/index.php\/wp-json\/wp\/v2\/pages\/277\/revisions\/999"}],"wp:attachment":[{"href":"https:\/\/count-them.at\/index.php\/wp-json\/wp\/v2\/media?parent=277"}],"curies":[{"name":"wp","href":"https:\/\/api.w.org\/{rel}","templated":true}]}}